






{"id":23205,"date":"2025-04-10T22:16:07","date_gmt":"2025-04-10T20:16:07","guid":{"rendered":"https:\/\/www.transcrya.com\/?page_id=23205"},"modified":"2025-05-31T00:01:33","modified_gmt":"2025-05-30T22:01:33","slug":"__trashed","status":"publish","type":"page","link":"https:\/\/www.transcrya.com\/?page_id=23205","title":{"rendered":"Annule"},"content":{"rendered":"<div data-elementor-type=\"wp-page\" data-elementor-id=\"23205\" class=\"elementor elementor-23205\" data-elementor-settings=\"[]\">\n\t\t\t\t\t\t\t<div class=\"elementor-section-wrap\">\n\t\t\t\t\t\t\t<section class=\"elementor-section elementor-top-section elementor-element elementor-element-424a7a83 elementor-section-boxed elementor-section-height-default elementor-section-height-default\" data-id=\"424a7a83\" data-element_type=\"section\" data-settings=\"{&quot;_ha_eqh_enable&quot;:false}\">\n\t\t\t\t\t\t<div class=\"elementor-container elementor-column-gap-default\">\n\t\t\t\t\t<div class=\"elementor-column elementor-col-100 elementor-top-column elementor-element elementor-element-141019a\" data-id=\"141019a\" data-element_type=\"column\">\n\t\t\t<div class=\"elementor-widget-wrap elementor-element-populated\">\n\t\t\t\t\t\t\t\t<div class=\"elementor-element elementor-element-47571ee0 elementor-widget elementor-widget-text-editor\" data-id=\"47571ee0\" data-element_type=\"widget\" data-widget_type=\"text-editor.default\">\n\t\t\t\t<div class=\"elementor-widget-container\">\n\t\t\t\t\t\t\t<p style=\"text-align: center;\" data-start=\"404\" data-end=\"618\"><strong data-start=\"404\" data-end=\"440\">Le paiement n\u2019a pas \u00e9t\u00e9 effectu\u00e9<\/strong><\/p><p style=\"text-align: center;\" data-start=\"404\" data-end=\"618\"><br data-start=\"440\" data-end=\"443\" \/>Il semble que le processus de paiement ait \u00e9t\u00e9 interrompu ou annul\u00e9.<\/p><p style=\"text-align: center;\" data-start=\"404\" data-end=\"618\"><br data-start=\"511\" data-end=\"514\" \/>Pas d\u2019inqui\u00e9tude, votre commande n\u2019a pas \u00e9t\u00e9 enregistr\u00e9e.<\/p><p style=\"text-align: center;\" data-start=\"404\" data-end=\"618\">Vous pouvez r\u00e9essayer quand vous le souhaitez.<\/p><p style=\"text-align: center;\" data-start=\"620\" data-end=\"673\">Besoin d\u2019assistance ? N\u2019h\u00e9sitez pas \u00e0 nous contacter.<\/p>\t\t\t\t\t\t<\/div>\n\t\t\t\t<\/div>\n\t\t\t\t\t<\/div>\n\t\t<\/div>\n\t\t\t\t\t\t\t<\/div>\n\t\t<\/section>\n\t\t\t\t\t\t<\/div>\n\t\t\t\t\t<\/div>","protected":false},"excerpt":{"rendered":"<p>Le paiement n\u2019a pas \u00e9t\u00e9 effectu\u00e9 Il semble que le processus de paiement ait \u00e9t\u00e9 interrompu ou annul\u00e9. Pas d\u2019inqui\u00e9tude, votre commande n\u2019a pas \u00e9t\u00e9 enregistr\u00e9e. Vous pouvez r\u00e9essayer quand vous le souhaitez. Besoin d\u2019assistance ? N\u2019h\u00e9sitez pas \u00e0 nous contacter.<\/p>","protected":false},"author":1,"featured_media":0,"parent":0,"menu_order":0,"comment_status":"closed","ping_status":"closed","template":"","meta":{"footnotes":""},"class_list":["post-23205","page","type-page","status-publish","hentry","entry","owp-thumbs-layout-horizontal","owp-btn-normal","owp-tabs-layout-horizontal","has-no-thumbnails"],"_links":{"self":[{"href":"https:\/\/www.transcrya.com\/index.php?rest_route=\/wp\/v2\/pages\/23205","targetHints":{"allow":["GET"]}}],"collection":[{"href":"https:\/\/www.transcrya.com\/index.php?rest_route=\/wp\/v2\/pages"}],"about":[{"href":"https:\/\/www.transcrya.com\/index.php?rest_route=\/wp\/v2\/types\/page"}],"author":[{"embeddable":true,"href":"https:\/\/www.transcrya.com\/index.php?rest_route=\/wp\/v2\/users\/1"}],"replies":[{"embeddable":true,"href":"https:\/\/www.transcrya.com\/index.php?rest_route=%2Fwp%2Fv2%2Fcomments&post=23205"}],"version-history":[{"count":15,"href":"https:\/\/www.transcrya.com\/index.php?rest_route=\/wp\/v2\/pages\/23205\/revisions"}],"predecessor-version":[{"id":26376,"href":"https:\/\/www.transcrya.com\/index.php?rest_route=\/wp\/v2\/pages\/23205\/revisions\/26376"}],"wp:attachment":[{"href":"https:\/\/www.transcrya.com\/index.php?rest_route=%2Fwp%2Fv2%2Fmedia&parent=23205"}],"curies":[{"name":"wp","href":"https:\/\/api.w.org\/{rel}","templated":true}]}}